580 and 1110.
30
Calculate the greatest common factor of 112 and 616.
56
Calculate the greatest common factor of 185 and 45.
5
Calculate the greatest common divisor of 152 and 133.
19
Calculate the greatest common factor of 65234 and 386.
386
Calculate the highest common factor of 1683 and 33.
33
What is the highest common divisor of 55274 and 58?
58
What is the greatest common divisor of 561 and 2397?
51
Calculate the highest common factor of 96 and 216.
24
Calculate the greatest common divisor of 66 and 352.
22
Calculate the greatest common divisor of 92 and 23.
23
Calculate the greatest common divisor of 166 and 249.
83
What is the highest common factor of 6448 and 2232?
248
Calculate the greatest common factor of 32 and 40.
8
What is the highest common divisor of 15759 and 153?
153
Calculate the highest common divisor of 2097 and 9.
9
Calculate the highest common factor of 2627 and 213.
71
Calculate the greatest common factor of 147 and 21.
21
What is the highest common divisor of 93 and 62?
31
What is the highest common factor of 8 and 296?
8
What is the greatest common factor of 90 and 144?
18
What is the greatest common factor of 17 and 306?
17
Calculate the highest common factor of 1000 and 560.
40
What is the greatest common factor of 1603 and 21?
7
Calculate the greatest common factor of 1378 and 104.
26
What is the greatest common factor of 304 and 16?
16
Calculate the highest common factor of 66 and 220.
22
Calculate the greatest common factor of 147 and 42.
21
Calculate the highest common factor of 1173 and 102.
51
What is the highest common factor of 11304 and 16?
8
Calculate the highest common divisor of 65 and 24440.
65
Calculate the highest common divisor of 184 and 598.
46
Calculate the highest common divisor of 64 and 1.
1
Calculate the highest common factor of 2929 and 29.
29
What is the greatest common divisor of 95 and 250?
5
Calculate the greatest common factor of 5334 and 84.
42
What is the highest common divisor of 2016 and 882?
126
Calculate the greatest common divisor of 425 and 100.
25
What is the greatest common factor of 282 and 47?
47
Calculate the highest common divisor of 27 and 4.
1
Calculate the greatest common divisor of 520 and 40.
40
Calculate the greatest common factor of 154 and 3311.
77
What is the highest common factor of 6 and 726?
6
Calculate the highest common divisor of 94 and 517.
47
What is the greatest common factor of 4305 and 175?
35
What is the highest common factor of 45 and 130?
5
What is the highest common factor of 1015 and 435?
145
What is the greatest common factor of 27 and 396?
9
Calculate the greatest common factor of 46 and 1702.
46
Calculate the greatest common factor of 80 and 15180.
20
Calculate the greatest common factor of 210 and 510.
30
Calculate the highest common factor of 845 and 585.
65
Calculate the greatest common factor of 44 and 528.
44
Calculate the highest common factor of 60 and 255.
15
Calculate the highest common divisor of 62867 and 49.
49
Calculate the highest common factor of 105 and 3885.
105
What is the highest common factor of 429 and 156?
39
What is the highest common divisor of 399 and 228?
57
What is the highest common divisor of 948 and 48?
12
What is the highest common factor of 292 and 4?
4
What is the greatest common factor of 917 and 7?
7
Calculate the greatest common factor of 8556 and 69.
69
What is the highest common factor of 234 and 3822?
78
What is the highest common factor of 60 and 75?
15
What is the highest common divisor of 37 and 1?
1
What is the highest common factor of 45 and 10?
5
Calculate the greatest common divisor of 213 and 12.
3
Calculate the highest common divisor of 48 and 320.
16
What is the highest common divisor of 16 and 24?
8
Calculate the greatest common factor of 1258 and 296.
74
What is the greatest common factor of 48 and 732?
12
What is the highest common divisor of 84473 and 17?
17
What is the greatest common factor of 24 and 1992?
24
Calculate the highest common factor of 4176 and 174.
174
What is the highest common factor of 5617 and 164?
41
Calculate the highest common divisor of 60 and 960.
60
What is the greatest common divisor of 5990 and 10?
10
Calculate the greatest common factor of 2506 and 14.
14
What is the greatest common divisor of 549 and 244?
61
Calculate the highest common factor of 496 and 56.
8
What is the greatest common divisor of 10777 and 13?
13
Calculate the greatest common divisor of 235 and 423.
47
What is the highest common factor of 60 and 20?
20
What is the greatest common factor of 13 and 221?
13
What is the highest common divisor of 1081 and 115?
23
What is the highest common divisor of 32 and 2592?
32
What is the highest common factor of 966 and 23?
23
Calculate the greatest common factor of 45 and 6435.
45
What is the highest common factor of 2306 and 14?
2
What is the highest common divisor of 13456 and 16?
16
Calculate the highest common factor of 869 and 11.
11
What is the highest common divisor of 33 and 110?
11
Calculate the greatest common factor of 33 and 627.
33
Calculate the highest common factor of 3346 and 14.
14
Calculate the greatest common divisor of 2624 and 2009.
41
Calculate the greatest common divisor of 3210 and 90.
30
What is the greatest common divisor of 793 and 13?
13
What is the highest common factor of 56 and 9688?
56
Calculate the highest common divisor of 336 and 512.
16
What is the highest common factor of 78 and 195?
39
Calculate the greatest common factor of 36 and 486.
18
What is the greatest common divisor of 34 and 7?
1
What is the greatest common divisor of 1147 and 74?
37
Calculate the greatest common divisor of 88 and 1342.
22
What is the greatest common divisor of 284 and 6106?
142
What is the greatest common factor of 2484 and 184?
92
Calculate the greatest common divisor of 357 and 153.
51
What is the greatest common divisor of 136 and 11594?
34
Calculate the greatest common divisor of 2822 and 170.
34
Calculate the highest common factor of 420 and 204.
12
Calculate the highest common divisor of 33 and 6.
3
What is the highest common factor of 210 and 24?
6
What is the greatest common factor of 18 and 153?
9
What is the greatest common divisor of 9167 and 890?
89
What is the greatest common factor of 31 and 899?
31
Calculate the greatest common divisor of 85 and 17.
17
What is the greatest common factor of 1222 and 65?
13
What is the highest common factor of 23 and 115?
23
Calculate the greatest common factor of 13 and 3328.
13
What is the greatest common factor of 1261 and 65?
13
Calculate the highest common divisor of 1215 and 15.
15
Calculate the highest common divisor of 91 and 112.
7
Calculate the greatest common divisor of 260 and 4693.
13
What is the greatest common factor of 23 and 690?
23
Calculate the greatest common divisor of 1846 and 1420.
142
What is the greatest common factor of 124 and 16?
4
What is the greatest common factor of 1458 and 36?
18
What is the greatest common factor of 1660 and 380?
20
Calculate the greatest common divisor of 2553 and 621.
69
What is the highest common divisor of 14 and 133?
7
Calculate the greatest common factor of 26628 and 168.
84
Calculate the highest common factor of 3 and 12297.
3
Calculate the greatest common divisor of 159 and 3551.
53
Calculate the greatest common factor of 60 and 2424.
12
Calculate the greatest common factor of 24 and 648.
24
What is the highest common divisor of 4 and 100?
4
Calculate the greatest common factor of 1032 and 4.
4
Calculate the greatest common divisor of 28 and 343.
7
What is the highest common factor of 1944 and 729?
243
Calculate the highest common divisor of 37373 and 38.
19
Calculate the highest common factor of 40 and 7180.
20
Calculate the highest common divisor of 150 and 40.
10
What is the highest common divisor of 204 and 4980?
12
What is the highest common divisor of 13 and 351?
13
What is the highest common factor of 617 and 2?
1
What is the highest common factor of 312 and 24?
24
Calculate the greatest common factor of 6210 and 45.
45
What is the greatest common factor of 44 and 77?
11
Calculate the highest common factor of 3306 and 114.
114
Calculate the highest common divisor of 198 and 666.
18
Calculate the greatest common divisor of 51480 a